1 prime?
True
Is 20788465 a prime number?
False
Is 20430439 a prime number?
True
Is 4931149 a prime number?
True
Is 221327 a prime number?
True
Is 102149023 prime?
False
Is 253273 a composite number?
False
Is 33436487 a composite number?
True
Is 18792911 a prime number?
True
Is 25820111 prime?
False
Is 72662761 composite?
False
Is 2827031 a composite number?
False
Is 12249007 composite?
True
Is 88162007 composite?
False
Is 38208407 prime?
True
Is 1694281 composite?
False
Is 146713701 a composite number?
True
Is 391522931 a prime number?
True
Is 5433731 prime?
True
Is 2956027 a composite number?
True
Is 1182157 a prime number?
True
Is 169011083 a prime number?
True
Is 17884031 composite?
True
Is 374105599 a prime number?
False
Is 6377339 composite?
False
Is 308764901 a composite number?
False
Is 965017 prime?
False
Is 11171467 composite?
True
Is 10173587 composite?
False
Is 4598537 a prime number?
False
Is 29477033 composite?
True
Is 66700303 a composite number?
False
Is 107481958 a prime number?
False
Is 5339791 a prime number?
True
Is 155617069 a composite number?
False
Is 64973969 prime?
False
Is 157353017 a composite number?
True
Is 122353547 prime?
True
Is 5351273 a composite number?
True
Is 11269 composite?
True
Is 3250003 prime?
False
Is 23835611 a composite number?
False
Is 382997 composite?
True
Is 361179673 a prime number?
True
Is 973633 a composite number?
True
Is 252534838 composite?
True
Is 62084401 a prime number?
True
Is 3476651 composite?
False
Is 11685139 prime?
False
Is 93489542 a composite number?
True
Is 3286553 a prime number?
True
Is 7250417 prime?
False
Is 13600949 prime?
False
Is 157497917 prime?
False
Is 19123213 prime?
True
Is 2326201 a composite number?
True
Is 339153 prime?
False
Is 763921969 a composite number?
False
Is 57803929 prime?
True
Is 1086557 prime?
True
Is 8543867 composite?
True
Is 1368599 a composite number?
False
Is 24593 composite?
False
Is 18407473 composite?
True
Is 1057781 a composite number?
False
Is 5582917 a prime number?
True
Is 19010066 prime?
False
Is 264830287 composite?
False
Is 13395373 a prime number?
True
Is 6232103 a composite number?
True
Is 4580779 a prime number?
False
Is 32367769 a prime number?
False
Is 4267981 composite?
False
Is 752581 composite?
False
Is 2015839 composite?
True
Is 23682601 composite?
True
Is 3898331 prime?
False
Is 682789 composite?
False
Is 14472041 prime?
True
Is 148934609 a prime number?
True
Is 23347823 prime?
True
Is 80382067 a prime number?
True
Is 56402965 a composite number?
True
Is 46112263 a prime number?
False
Is 732913747 a composite number?
False
Is 6008323 a prime number?
False
Is 423201803 composite?
False
Is 29793581 prime?
True
Is 8451763 prime?
True
Is 3581021 composite?
False
Is 9264223 prime?
True
Is 2444279 composite?
True
Is 1718131 a composite number?
False
Is 14002171 a composite number?
True
Is 646067 a composite number?
False
Is 19919323 a composite number?
False
Is 6434587 a composite number?
True
Is 25232821 a composite number?
False
Is 88842693 composite?
True
Is 13933373 prime?
True
Is 5130551 a prime number?
False
Is 223658 a composite number?
True
Is 1655239 composite?
True
Is 54917 a prime number?
True
Is 21160501 prime?
True
Is 46757467 a composite number?
True
Is 580249 prime?
False
Is 1362833 prime?
True
Is 10295371 a composite number?
False
Is 105359 composite?
False
Is 1650695 prime?
False
Is 1250519 prime?
True
Is 196572507 composite?
True
Is 5790563 prime?
True
Is 5571211 a prime number?
True
Is 1502497 a composite number?
True
Is 182284603 composite?
False
Is 74084291 a composite number?
True
Is 125095613 composite?
False
Is 877102657 composite?
False
Is 1736309 a composite number?
True
Is 9911917 composite?
False
Is 21186949 a composite number?
True
Is 552037 a composite number?
True
Is 788761 a prime number?
True
Is 130660381 a composite number?
True
Is 37134091 prime?
True
Is 13114993 prime?
True
Is 96226211 a composite number?
False
Is 1125233 prime?
False
Is 143764591 a prime number?
True
Is 586765757 composite?
False
Is 73422779 composite?
True
Is 3241759 composite?
False
Is 38048189 a prime number?
False
Is 632836167 a prime number?
False
Is 11647859 a prime number?
False
Is 49792867 composite?
False
Is 3389143 a prime number?
False
Is 133648691 a prime number?
False
Is 21547301 a prime number?
True
Is 3550791 composite?
True
Is 864240247 prime?
False
Is 2430721 a prime number?
True
Is 7351313 a prime number?
True
Is 125855549 composite?
True
Is 704507 composite?
False
Is 1559779 a prime number?
False
Is 40591739 prime?
True
Is 23832043 a prime number?
True
Is 7435451 composite?
False
Is 10118947 a prime number?
True
Is 29037713 composite?
False
Is 35656609 a composite number?
True
Is 201391309 a composite number?
True
Is 22958497 prime?
False
Is 820171 a composite number?
True
Is 113325361 a prime number?
True
Is 9898037 a prime number?
False
Is 208529067 a composite number?
True
Is 650655143 a composite number?
False
Is 1389733 a prime number?
False
Is 72891769 composite?
False
Is 7919609 a composite number?
False
Is 377750453 composite?
False
Is 2615291 a prime number?
False
Is 22036847 a prime number?
False
Is 9399587 composite?
True
Is 1029929 a composite number?
False
Is 644533 a prime number?
False
Is 1094747 a prime number?
True
Is 16359415 prime?
False
Is 228082249 prime?
False
Is 8069401 prime?
False
Is 4212823 a composite number?
True
Is 21038777 composite?
False
Is 18779977 prime?
True
Is 62969 composite?
False
Is 130768181 prime?
False
Is 190328287 prime?
False
Is 16269259 a composite number?
False
Is 8685991 prime?
False
Is 495012697 prime?
True
Is 9384653 composite?
True
Is 18574981 a composite number?
True
Is 167381 a prime number?
True
Is 66228859 prime?
False
Is 4857161 a prime number?
True
Is 4173763 a prime number?
False
Is 8204227 a composite number?
True
Is 8656231 a prime number?
True
Is 44376221 prime?
False
Is 33926213 a composite number?
True
Is 16002163 composite?
False
Is 387911 composite?
False
Is 574657 a composite number?
False
Is 40256603 a prime number?
False
Is 23816831 a composite number?
False
Is 324449 a prime number?
True
Is 17014577 a prime number?
True
Is 51039847 a composite number?
False
Is 120812019 composite?
True
Is 49104271 a composite number?
True
Is 9456065 a composite number?
True
Is 392907 composite?
True
Is 4255123 a composite number?
True
Is 925783 prime?
True
Is 4139417 composite?
False
Is 7132903 a composite number?
True
Is 4958131 prime?
True
Is 47223271 a composite number?
True
Is 556449911 a composite number?
False
Is 10447835 prime?
False
Is 28176193 prime?
False
Is 29498783 composite?
True
Is 390324679 prime?
True
Is 91610206 prime?
False
Is 195723271 a prime number?
False
Is 9191381 prime?
True
Is 2820383 prime?
True
Is 67808458 a prime number?
False
Is 761417 a prime number?
True
Is 512587 a composite number?
True
Is 1082881 a composite number?
False
Is 130908049 a prime number?
True
Is 3458099 prime?
True
Is 141845981 a composite number?
False
Is 42938551 prime?
False
Is 26691286 composite?
True
Is 3124631 composite?
False
Is 118931161 a composite number?
True
Is 141222467 composite?
False
Is 20959727 composite?
True
Is 9673013 a prime number?
False
Is 3277361 a prime number?
False
Is 424128607 composite?
True
Is 27985751 prime?
True
Is 589337 prime?
False
Is 14999813 composite?
True
Is 233325761 prime?
True
Is 9761417 a prime number?
False
Is 3439861 composite?
False
Is 21436289 composite?
True
Is 7630507 prime?
False
Is 28102553 composite?
False
Is 103807903 prime?
False
Is 107446678 prime?
False
Is 63015369 composite?
True
Is 87794999 a composite number?
False
Is 21263353 composite?
False
Is 163131307 a composite number?
False
Is 803191 composite?
True
Is 215313247 a prime number?
False
Is 38529523 a composite number?
True
Is 23822087 a prime number?
True
Is 15626509 a prime number?
True
Is 47523289 a prime number?
False
Is 31815437 a prime number?
False
Is 3780113 a composite number?
False
Is 5409773 composite?
False
Is 199749371 a composite number?
True
Is 13159373 composite?
True
Is 3729157 a composite number?
False
Is 2605817 composite?
True
Is 42310321 prime?
False
Is 13723831 a composite number?
True
Is 260969 a composite number?
False
Is 32